the prime factors of 5313.
3, 7, 11, 23
List the prime factors of 116035.
5, 23, 1009
What are the prime factors of 1160?
2, 5, 29
List the prime factors of 43404.
2, 3, 3617
What are the prime factors of 47902?
2, 43, 557
What are the prime factors of 28806?
2, 3, 4801
What are the prime factors of 1868?
2, 467
List the prime factors of 3272.
2, 409
What are the prime factors of 1781?
13, 137
List the prime factors of 2068.
2, 11, 47
List the prime factors of 36475.
5, 1459
What are the prime factors of 2315?
5, 463
List the prime factors of 936.
2, 3, 13
List the prime factors of 1110.
2, 3, 5, 37
List the prime factors of 4488.
2, 3, 11, 17
What are the prime factors of 14354?
2, 7177
What are the prime factors of 5057?
13, 389
What are the prime factors of 3092?
2, 773
What are the prime factors of 104191?
31, 3361
List the prime factors of 2072.
2, 7, 37
List the prime factors of 18792.
2, 3, 29
List the prime factors of 1901.
1901
What are the prime factors of 32603?
32603
What are the prime factors of 64891?
64891
List the prime factors of 8199.
3, 911
What are the prime factors of 29211?
3, 7, 13, 107
What are the prime factors of 15751?
19, 829
List the prime factors of 10369.
10369
List the prime factors of 446.
2, 223
List the prime factors of 1025.
5, 41
List the prime factors of 2077.
31, 67
What are the prime factors of 1147?
31, 37
List the prime factors of 1395.
3, 5, 31
What are the prime factors of 38922?
2, 3, 13, 499
What are the prime factors of 1584?
2, 3, 11
List the prime factors of 1199.
11, 109
List the prime factors of 95481.
3, 103
List the prime factors of 5874.
2, 3, 11, 89
List the prime factors of 722.
2, 19
What are the prime factors of 112026?
2, 3, 18671
List the prime factors of 4799.
4799
List the prime factors of 420.
2, 3, 5, 7
List the prime factors of 3648.
2, 3, 19
What are the prime factors of 3408?
2, 3, 71
What are the prime factors of 4836?
2, 3, 13, 31
List the prime factors of 4914.
2, 3, 7, 13
What are the prime factors of 2225?
5, 89
List the prime factors of 284.
2, 71
List the prime factors of 93428.
2, 23357
List the prime factors of 2793.
3, 7, 19
What are the prime factors of 2857?
2857
List the prime factors of 33192.
2, 3, 461
What are the prime factors of 58417?
58417
List the prime factors of 2361.
3, 787
What are the prime factors of 38806?
2, 19403
What are the prime factors of 750?
2, 3, 5
What are the prime factors of 107458?
2, 13, 4133
List the prime factors of 1134.
2, 3, 7
What are the prime factors of 97?
97
List the prime factors of 199.
199
List the prime factors of 1365.
3, 5, 7, 13
List the prime factors of 12987.
3, 13, 37
List the prime factors of 210.
2, 3, 5, 7
What are the prime factors of 1528?
2, 191
What are the prime factors of 6508?
2, 1627
List the prime factors of 794.
2, 397
List the prime factors of 2638.
2, 1319
What are the prime factors of 6682?
2, 13, 257
List the prime factors of 4067.
7, 83
List the prime factors of 129628.
2, 23, 1409
What are the prime factors of 15877?
15877
List the prime factors of 5770.
2, 5, 577
List the prime factors of 233.
233
What are the prime factors of 1696?
2, 53
What are the prime factors of 26208?
2, 3, 7, 13
List the prime factors of 21002.
2, 10501
What are the prime factors of 3817?
11, 347
What are the prime factors of 939?
3, 313
What are the prime factors of 371?
7, 53
What are the prime factors of 29767?
17, 103
What are the prime factors of 1079?
13, 83
What are the prime factors of 74797?
74797
List the prime factors of 1543.
1543
What are the prime factors of 33321?
3, 29, 383
List the prime factors of 6846.
2, 3, 7, 163
List the prime factors of 4156.
2, 1039
What are the prime factors of 1848?
2, 3, 7, 11
What are the prime factors of 7344?
2, 3, 17
List the prime factors of 24300.
2, 3, 5
What are the prime factors of 3450?
2, 3, 5, 23
What are the prime factors of 7668?
2, 3, 71
What are the prime factors of 180?
2, 3, 5
List the prime factors of 56139.
3, 18713
List the prime factors of 186.
2, 3, 31
What are the prime factors of 2059?
29, 71
List the prime factors of 1819.
17, 107
List the prime factors of 3330.
2, 3, 5, 37
What are the prime factors of 4343?
43, 101
List the prime factors of 53372.
2, 11, 1213
List the prime factors of 4136.
2, 11, 47
List the prime factors of 94086.
2, 3, 5227
List the prime factors of 1320.
2, 3, 5, 11
List the prime factors of 28522.
2, 13, 1097
List the prime factors of 6368.
2, 199
What are the prime factors of 10214?
2, 5107
List the prime factors of 3349.
17, 197
What are the prime factors of 7407?
3, 823
What are the prime factors of 37595?
5, 73, 103
List the prime factors of 6445.
5, 1289
What are the prime factors of 2048?
2
List the prime factors of 37445.
5, 7489
List the prime factors of 4977.
3, 7, 79
What are the prime factors of 47471?
37, 1283
List the prime factors of 1062.
2, 3, 59
What are the prime factors of 4832?
2, 151
List the prime factors of 12107.
12107
List the prime factors of 104.
2, 13
List the prime factors of 5834.
2, 2917
List the prime factors of 24474.
2, 3, 4079
What are the prime factors of 11715?
3, 5, 11, 71
List the prime factors of 61709.
23, 2683
What are the prime factors of 1453?
1453
What are the prime factors of 5779?
5779
What are the prime factors of 21964?
2, 17, 19
What are the prime factors of 3635?
5, 727
What are the prime factors of 17932?
2, 4483
List the prime factors of 1249.
1249
What are the prime factors of 1797?
3, 599
List the prime factors of 4938.
2, 3, 823
What are the prime factors of 2083?
2083
What are the prime factors of 1675?
5, 67
List the prime factors of 71242.
2, 179, 199
List the prime factors of 314.
2, 157
What are the prime factors of 641?
641
What are the prime factors of 56519?
56519
What are the prime factors of 2032?
2, 127
What are the prime factors of 765?
3, 5, 17
What are the prime factors of 509?
509
What are the prime factors of 5582?
2, 2791
List the prime factors of 18334.
2, 89, 103
What are the prime factors of 6698?
2, 17, 197
List the prime factors of 56040.
2, 3, 5, 467
List the prime factors of 1009.
1009
What are the prime factors of 3436?
2, 859
List the prime factors of 35.
5, 7
What are the prime factors of 63007?
7, 9001
List the prime factors of 10017.
3, 7, 53
List the prime factors of 16872.
2, 3, 19, 37
What are the prime factors of 1882?
2, 941
What are the prime factors of 65960?
2, 5, 17, 97
What are the prime factors of 182?
2, 7, 13
What are the prime factors of 935?
5, 11, 17
List the prime factors of 8004.
2, 3, 23, 29
What are the prime factors of 3241?
7, 463
List the prime factors of 247.
13, 19
List the prime factors of 3022.
2, 1511
What are the prime factors of 2952?
2, 3, 41
List the prime factors of 4508.
2, 7, 23
What are the prime factors of 7712?
2, 241
What are the prime factors of 45993?
3, 15331
List the prime factors of 209.
11, 19
What are the prime factors of 656?
2, 41
What are the prime factors of 1572?
2, 3, 131
What are the prime factors of 1299?
3, 433
What are the prime factors of 49305?
3, 5, 19, 173
List the prime factors of 936.
2, 3, 13
What are the prime factors of 9608?
2, 1201
What are the prime factors of 2375?
5, 19
List the prime factors of 51115.
5, 10223
List the prime factors of 30659.
23, 31, 43
List the prime factors of 5744.
2, 359
What are the prime factors of 72549?
3, 2687
What are the prime factors of 18249?
3, 7, 11, 79
What are the prime factors of 8533?
7, 23, 53
What are the prime factors of 830?
2, 5, 83
What are the prime factors of 4569?
3, 1523
What are the prime factors of 7345?
5, 13, 113
What are the prime factors of 2098?
2, 1049
List the prime factors of 19320.
2, 3, 5, 7, 23
List the prime factors of 54608.
2, 3413
What are the prime factors of 53604?
2, 3, 1489
List the prime factors of 17587.
43, 409
What are the prime factors of 90013?
7, 11, 167
What are the prime factors of 31061?
89, 349
What are the prime factors of 2243?
2243
What are the prime factors of 5448?
2, 3, 227
List the prime factors of 369.
3, 41
What are the prime factors of 393?
3, 131
What are the prime factors of 1761?
3, 587
List the prime factors of 1150.
2, 5, 23
List the prime factors of 7671.
3, 2557
List the prime fa